 - 22) + (13 - (2 - 0) - (113 + -114))?
30
Calculate -4 - 1 - (-18 - (422 + -434 + (8 - 2))).
7
Calculate 7 - -1 - (3163 - 3118).
-37
Evaluate (-2 - 4 - (90 - 92)) + (-20 - (-2 - -1)).
-23
(-21 - (22 + -21 - 15)) + 2
-5
What is ((29 - 40) + 3 + -17 - -8) + 19?
2
-67 - (6 + -8 - 2) - (-6 - (2 - 0))
-55
What is the value of 43 + 1 + (-3 - 0) + (-941 - -953)?
53
What is the value of -20 - (-18 + 0 + 129 + -171)?
40
What is the value of 0 + 31 - (57 + (-22 - -3) + -27)?
20
What is -3320 + 3479 - (240 + 1)?
-82
What is -4 - (-1 - 80 - 5 - (10 + -19 - 0))?
73
-48 + (-66 - -23) + 46
-45
-30 - (16 + -33 + 10 - -23)
-46
Evaluate -40 + -1 + (-1 - (-2 - 7)) - (6 - -6).
-45
What is the value of (1 - 1 - (-57 + -63 + 211)) + 11 + 0?
-80
What is the value of -10 + 1 + -2 + (-3152 - -3073)?
-90
What is (8 - 28) + 19 + 24 + -17?
6
What is 73 + -225 + 21 + 85?
-46
0 - 33 - ((-13 - (34 + -44)) + (2 - 9))
-23
Evaluate (138 - -1) + (-28 - (-16 - (1 - (-21 - -24)))).
125
What is 3 + 0 - (3 + -103 - (-253 - -263)) - 14?
99
What is -7 + 16 + -20 + -27 - 16?
-54
What is (293 - (-50 - -325)) + (0 - 0)?
18
Evaluate -14 + -38 + -34 - -84.
-2
Evaluate -48 + (-10 + -8 + 6 - (-8 + 5)) + -8.
-65
What is -56 + -74 + 11 + 0 + (20 - 20) + -12?
-131
What is the value of (-15 - 1) + 109 + -3 + (298 - 298)?
90
Evaluate -1 + -48 - (3 + 23 - -2).
-77
What is 31 + -40 + -64 + 39 + -39?
-73
What is the value of (-11 - (45 + -42 + (-1 - 1))) + 15?
3
Evaluate -5 + -8 + 404 + -388 + (-8 - -1).
-4
What is 0 + -7 - (-23 - (-3 + -64 - (-58 + 49)))?
-42
Calculate 60 - (2 - (12 - 0) - (-1159 - -1141)).
52
482 - 483 - (-6 - (-5 - -2))
2
What is the value of (-20 - (13 - 15)) + 35 + 19?
36
What is the value of 16 + -18 + (31 + -18 - -6) + -34?
-17
What is the value of -1 - 0 - -21 - (0 - 28 - (-255 + 234))?
27
What is the value of 5 + 7 + 10 - (56 - 32)?
-2
Calculate -10 - 0 - (2 - 19 - (-136 - -142)).
13
(-7 - -7) + (-13 - -22) + 6
15
Calculate (13 - -8) + -5 + (-102 - -79).
-7
Evaluate (-3 - ((-13 - -13) + 0 + 6 + 0)) + -33.
-42
Evaluate (3 - -2 - (-20 + 38 - 15)) + 46.
48
-11 - 1 - (7 + -20)
1
Evaluate -4 - ((-90 + 108 - (-3 - 0)) + 13).
-38
Calculate -22 + -14 + 67 + -24 - (-4 - -4).
7
What is the value of -31 + (1 - 6) - (430 + -451)?
-15
Calculate -7 + (28 + -34 + 34 - 8).
13
What is (-108 - -49) + 72 - (-1 + -1 + 6)?
9
-68 - -2 - ((-4920 - -4920) + (12 + 1 - 1))
-78
Calculate -9 + 77 + -6 + 26 + 5 + -13.
80
What is the value of 0 + 34 + (43 - (53 - -16))?
8
What is the value of -19 + 34 + -22 - (0 - (-18 + 8))?
-17
What is the value of (0 - 16) + (-16 - (-51 + 0 - -32) - -132)?
119
What is -23 + 1 + -1051 + 1082 - (-27 - 2 - 0)?
38
Evaluate 54 - 26 - (12 + 9 + 4).
3
Evaluate -561 + 585 - (-22 - -1).
45
Evaluate (-37 - 26) + (-9 - ((2 + 2 - -5) + -31)).
-50
-17 + (-14 - -23 - -6) + 5 - (-2 - 99)
104
What is 55 - ((0 - -1) + (168 - 157))?
43
What is -31 + (-304 + 284 - ((-13 - -3 - 3) + 1))?
-39
What is -55 + (-7 - (-1 - -8)) + 14 + 0?
-55
Calculate -3 - (-14 + -5) - (-19 + -40).
75
Evaluate (-9 - -46 - -4) + (-4 - 11).
26
-65 - (-32 + -14) - (-121 + -8 + 14)
96
Evaluate -2 - (7 + 3 + -10) - 87 - (17 - 12).
-94
What is the value of -15 + -74 - (-119 + 2)?
28
4 + -44 + 63 + 35 + (-1 - (6 + 1))
50
(23 - (-1 + 8)) + (8 + -14 - 14)
-4
Evaluate 730 + -655 + 1 + (-5 + 3 + 0 - -3).
77
Evaluate 5 - (-6 + (-7 - -26 - 4) + 294 + -164).
-134
What is the value of -16 - ((11 - -2) + 33 + 20 + -48)?
-34
What is 21 + 21 + -9 + (3 - (12 + -1))?
25
What is 14 + (-4 - 54) + -76 + 74?
-46
What is the value of 40 - 15 - -15 - 6?
34
Evaluate (69 - -48) + -140 - (-19 + -1) - (1 - 2).
-2
What is the value of -115 - -2 - (108 - (132 - -7))?
-82
Evaluate (-39 - -196) + (-11 - (14 - 27) - (-7 - -19)).
147
Calculate (-1 + 8 + -8 + 8 + 5 - -81) + 6.
99
(8 - 0) + (611 - 624)
-5
Evaluate 27 + -21 + -55 + 4 + (-2 - 0 - 2).
-49
What is -27 + -4 + -7 + 10 - (-38 - -30)?
-20
Evaluate 1 + 20 - (442 - 430) - -49.
58
Evaluate -7 + 1 + -5 + 4 + (10 - 22).
-19
Evaluate 0 - (14 + -4 + (-5 - 4)) - (2 - 10).
7
Evaluate (30 + -220 - (-55 - -8)) + 30.
-113
What is the value of 80 - (13 - (-3 + 4 - (-8 - -3)))?
73
What is (-36 - -74 - 37) + 2 + -27 + -4?
-28
What is (2 + 28 - 40 - 20) + -5 + 0 + 1?
-34
Calculate 119 - 132 - (10 + (-79 - 4)).
60
What is -34 + (-20 - 0) + 0 + 14?
-40
Evaluate 2803 + -2935 + -9 + -4.
-145
What is the value of 1 - -2 - (10 - -120) - (0 + (0 - -2))?
-129
(-3 - 48) + 3 - -63
15
What is -8 - (42 - (51 + -43))?
-42
Calculate 111 + -2 + (-6223 - -6181).
67
Evaluate (-17 - 33 - -30) + 5.
-15
Calculate (166 - 170) + (-6 - -52).
42
132 - (44 - 135 - -203)
20
Evaluate 3 + (28 - (-17 - -34 - 38)).
52
What is the value of -1121 - -1079 - (-43 - -1)?
0
Calculate (-980 - -922) + (27 - -2).
-29
Calculate 55 + (-8 - (18 + 6 - 34)).
57
0 + -5 - (3 + (17 - 31))
6
What is (-3 - 10) + 18 - 4 - (9 - -3)?
-11
Evaluate 117 + -164 + 52 - ((-1 - -4) + (1 - -1)).
0
What is (5 - -90) + -22 - 18?
55
Calculate (-8 - (-22 - (-11 + -15))) + 20 + 0 + 28.
36
Calculate 15 + 40 + (8 - -6 - 15) - -12.
66
What is -80 + 18 + (-286 - -231)?
-117
What is the value of -90 + 50 + 30 + 103?
93
What is the value of 175 + 0 - (-2336 + 2462)?
49
Evaluate 2 + 20 + -16 + 40.
46
46 - (299 - 320 - (-10 - 0))
57
What is the value of -37 - ((-13 - (7 - 4) - -7) + 6)?
-34
(7 - (-13 + 9 + 29)) + 70
52
Evaluate 14 + -14 - 6 - -76 - 13.
57
21 + -22 - (-31 - 1)
31
What is the value of -13 + -30 + (-7 - (11 + (-31 - 5)))?
-25
Calculate -19 - (-33 + (57 - 21)).
-22
What is the value of -99 + 20 + (-6 - (28 - -1))?
-114
5 - 10 - (-49 - 34 - 23)
101
Calculate -28 + -32 + 64 + 5 - (0 + 70) - -4.
-57
What is -278 - -274 - (-8 - -1) - 5?
-2
Calculate 10 + (-14 + (4 - 0) - (4 + 38)).
-42
What is the value of (-1 - -19) + (-73 - -75) + -90 + 16?
-54
What is the value of (52 - (3 - 8 - -6 - (3 - 10))) + -7?
37
2 + -1 + -4 + 9 - -2 - (241 + -233)
0
Evaluate 10 - -62 - 5 - -16.
83
Evaluate (-62 + 14 - (11 - 14)) + 5 - 6.
-46
What is (-24 - 1) + (24 - ((0 - -17) + -11) - 15)?
-22
Calculate (11 + (21 - 102) - -12) + 27.
-31
Calculate -104 + 33 - (-55 - 9).
-7
Calculate (23 - -13) + -31 + (-47 - -1) + 3.
-38
Calculate 37 + (2 - (4 + 0) - (30 + -5 + -25)).
35
What is (-12 + (-28 - -22) - -14) + (-11 - 2)?
-17
What is the value of 15 + (-5 - (-14 - -17 - 49)) + 2?
58
Calculate 14 - (-1 + 19) - (64 - -18).
-86
(1 - -3 - -38) + 5 + -89 + 84
42
Calculate -19 + (4 + -1 - 3) + 553 + -613.
-79
Calculate 12 + (19 - 28) - 32 - -29.
0
What is the value of -27 + 57 + -102 + 59 + (-2 - -50)?
35
(54 + -3 - 14) + (-2 - -7)
42
(3 - -6) + -3 + (8 - -35) + 69 + -73
45
(11 - (-1 + -7)) + 10 + -13
16
Calculate 30 - (-46 + -11) - (-3 - (6 + 0)).
96
Calculate -25 - (-116 - -1) - 126.
-36
What is (3 + (4 - 0) + 1 - 18) + 8 + -3?
-5
Evaluate 47 + 1 - (-10 + -6 + 17 - (0 - -11)).
58
Evaluate 4 + -21 + 22 - (-14 - (-6 + 10) - 5).
28
What is -33 + 0 - (6 - (7 + (-1 - 10 - -15)))?
-28
Calculate -3 + -69 + (2 - -37).
-33
Calculate 16 + -26 + 55 + -22 - -27.
50
Calculate (-13 + -19 - -26) + 19 + -38.
-25
What is the value of 23 - (37 - (80 + -29))?
37
(-37 - -1) + (100 - (61 - -28))
-25
Calculate -47 + (-60 - -105 - -8).
6
4 + 2 + -3 - (4 + 57 - (37 - 31))
-52
39 + 122 + -66 - 13
82
What is the value of 12 + 78 + -73 + (0 - 2 - 1)?
14
2 - (-70 + (88 - -51))
-67
2 + 84 + 276 + -264 + 9 + 0
107
What is 71 + 38 + -134 + 62?
37
What is 2 - -27 - (-18 - (-22 + -1 - 5))?
19
What is the value of -106 + (17 - -4) + -131 + 128?
-88
Calculate 5 + 29 + (-5 - -4) + -18.
15
Evaluate -79 - (0 - -8 - (36 + -9 + -13)).
-73
Calculate 362 + (-128 - 243) - (0 + -24 + 0).
15
-5 + -3 + (20 - 2 - -3) + -116 - -12
-91
What is 10 - (54 + 28 + -42)?
-30
Calculate 33 - (-59 + (55 - 39)).
76
What is the value of 69 + -22 - (33 + 2)?
12
What is the value of -69 + 39 + 37 + -40?
-33
Calculate 9 + (72 - -10) + -36.
55
Calculate 1 - (5 - (-278 + 308 - (0 + 12))).
14
11 - (26 - 2) - (2 + 11)
-26
(9 + -4 + -11 - 6 - -13) + 47
48
What is the value of -48 + 44 - (25 + 4) - (4 - 0)?
-37
Evaluate -7 + 76 - (583 - 522).
8
Evaluate 48 + -9 - (144 + -20) - (1 - 1).
-85
-1923 + 1903 + 6 + 2
-12
23 - (-26 - (-59 - -20))
10
Calculate (-6 - (-18 - -10)) + -1 - (3 + (-1 - 2)).
1
Calculate 32 - (0 + -15 + (-1498 - -1449)).
96
-18 + (27 - 29) 